{"id":2748,"date":"2024-02-16T15:35:15","date_gmt":"2024-02-16T18:35:15","guid":{"rendered":"https:\/\/ilovemicro.pmu.group\/?post_type=product&#038;p=2748"},"modified":"2024-02-16T15:44:00","modified_gmt":"2024-02-16T18:44:00","slug":"bag-algodao-cru-sacola","status":"publish","type":"product","link":"https:\/\/ilovemicro.pmu.group\/index.php\/product\/bag-algodao-cru-sacola\/","title":{"rendered":"Bag Algod\u00e3o Cru \u2022 Sacola"},"content":{"rendered":"<h4 class=\"styles__TextStyle-sc-6i4w51-0 czcjwc\">Ecobag Algod\u00e3o Natural<\/h4>\n<div class=\"Detailsstyles__ContentText-sc-1qkol32-1 gbOkSE\">\n<ul>\n<li>Tecido 100% algod\u00e3o cru<\/li>\n<li>Impress\u00e3o em um lado da bolsa<\/li>\n<li>Dimens\u00f5es: 30 x 40 cm<\/li>\n<\/ul>\n<p>&nbsp;<\/p>\n<\/div>\n<p>Com a crescente preocupa\u00e7\u00e3o ambiental, as ecobags se tornaram uma alternativa consciente e sustent\u00e1vel para as tradicionais sacolas pl\u00e1sticas, isso porque o tecido de algod\u00e3o cru n\u00e3o passa por processos qu\u00edmicos &#8211; o que reduz a emiss\u00e3o de gases poluentes, consumo de energia e uso de \u00e1gua em sua fabrica\u00e7\u00e3o. Al\u00e9m disso, a ecobag de algod\u00e3o cru \u00e9 uma op\u00e7\u00e3o dur\u00e1vel e resistente, capaz de suportar o transporte de diversos produtos.<\/p>\n","protected":false},"excerpt":{"rendered":"<p>Ecobag Algod\u00e3o Natural Tecido 100% algod\u00e3o cru Impress\u00e3o em um lado da bolsa Dimens\u00f5es: 30&hellip;<\/p>\n","protected":false},"featured_media":2738,"comment_status":"open","ping_status":"closed","template":"","meta":[],"product_cat":[32],"product_tag":[54,55,56],"_links":{"self":[{"href":"https:\/\/ilovemicro.pmu.group\/index.php\/wp-json\/wp\/v2\/product\/2748"}],"collection":[{"href":"https:\/\/ilovemicro.pmu.group\/index.php\/wp-json\/wp\/v2\/product"}],"about":[{"href":"https:\/\/ilovemicro.pmu.group\/index.php\/wp-json\/wp\/v2\/types\/product"}],"replies":[{"embeddable":true,"href":"https:\/\/ilovemicro.pmu.group\/index.php\/wp-json\/wp\/v2\/comments?post=2748"}],"wp:featuredmedia":[{"embeddable":true,"href":"https:\/\/ilovemicro.pmu.group\/index.php\/wp-json\/wp\/v2\/media\/2738"}],"wp:attachment":[{"href":"https:\/\/ilovemicro.pmu.group\/index.php\/wp-json\/wp\/v2\/media?parent=2748"}],"wp:term":[{"taxonomy":"product_cat","embeddable":true,"href":"https:\/\/ilovemicro.pmu.group\/index.php\/wp-json\/wp\/v2\/product_cat?post=2748"},{"taxonomy":"product_tag","embeddable":true,"href":"https:\/\/ilovemicro.pmu.group\/index.php\/wp-json\/wp\/v2\/product_tag?post=2748"}],"curies":[{"name":"wp","href":"https:\/\/api.w.org\/{rel}","templated":true}]}}